ns digit of v?
0
Suppose -3*h = -q + 71, -2*h + h = -3*q + 21. Let f(s) = 2*s**2 + 46*s - 4. What is the tens digit of f(h)?
4
Suppose 566*n - 567*n + 9810 = 5*t, t = 3*n - 29558. What is the thousands digit of n?
9
Suppose -70 = -14*h + 14. What is the tens digit of (-3)/h + ((-49725)/10)/(-9)?
5
Let c be (-20)/15*-6*(-3)/6. What is the hundreds digit of -1*(c + 1) + 0 + 1089?
0
Suppose 4*a = -2*y + 12226, 0 = -4*y + 40*a - 38*a + 24512. What is the tens digit of y?
2
Suppose -4*w = -128 + 16. Suppose -6*b + 3*b + 301 = -4*c, b - 111 = 4*c. Let j = w + b. What is the tens digit of j?
2
Suppose -218*m + 5400028 = 7*m - 3584222. What is the units digit of m?
0
Let p(c) be the second derivative of 53*c**3/6 + 17*c**2/2 - 3*c - 20. What is the hundreds digit of p(2)?
1
Suppose -3800336 - 804728 = -212*b. What is the ten thousands digit of b?
2
Let z = 9878 - 9536. What is the units digit of z?
2
Suppose 5*l - 3*y - 924 = 0, -2*l = -4*y - 199 - 179. Suppose 600 = 8*q + 56. Let d = l - q. What is the units digit of d?
5
Let b be ((-42)/(-49))/((-2)/(-7)). Suppose -12 = -2*c - 4*y, -b*c + y - 6*y = -15. Suppose -2*h - a + 11 = c, -5 = -5*a + 10. What is the units digit of h?
4
Let i(p) be the third derivative of -13/60*p**5 + 7/24*p**4 + 0 - 10*p**2 + 0*p + 1/120*p**6 + 5/6*p**3. What is the tens digit of i(13)?
9
Suppose -168*d - 226518 = -187*d. What is the thousands digit of d?
1
Suppose 9*k - 3782 = -20. Let f = k + -284. What is the tens digit of f?
3
Let u = 29061 - 19273. What is the hundreds digit of u?
7
Let t(g) = -1593*g - 1663. What is the thousands digit of t(-19)?
8
What is the hundreds digit of 20734 - ((-22 - -8) + 5)?
7
Let h(o) = o**3 + 13*o**2 - 35*o - 75. Let p be h(-15). Suppose 0*j = 3*j, p = -4*q + 4*j + 1324. What is the tens digit of q?
3
Suppose 280 = 2*h - 194. Suppose o = -73 + h. Suppose -17 = 3*a - o. What is the units digit of a?
9
Let w = -3970 - -9805. What is the hundreds digit of w?
8
Suppose 0 = w - 5*z - 0 - 4, 3*w - 2*z - 12 = 0. Let d be ((-6)/(-9))/(w - 33/9). Suppose 3*s = -d*s + 345. What is the tens digit of s?
6
Suppose 5*i - b = 41, 3*i - 11 = 7*b - 3*b. Suppose -i*o + 1200 = -2265. What is the units digit of o?
5
Suppose 6*n + 1758 = 102. Let x = n + 1242. What is the tens digit of x?
6
Let x = -48 + 44. Let v be x/((-8)/12*3). Suppose v*c - 3*c + 4 = 0, 2*t = 5*c + 162. What is the units digit of t?
1
Let p = 26084 + -5227. What is the ten thousands digit of p?
2
Let r be ((-10)/(60/(-14)))/(2/6). What is the tens digit of (-12)/r + 2 + 57950/133?
3
Let s(a) = a**2 - 41*a - 488. What is the hundreds digit of s(-71)?
4
Suppose -2*x + 7319 + 4302 = 5*a, 23281 = 4*x - 3*a. What is the units digit of x?
8
Let t = -3418 - -8270. What is the hundreds digit of t?
8
Let t(h) = -118*h + 2264. What is the tens digit of t(18)?
4
What is the units digit of (-2685168)/(-290) - (-2 - 112/(-35))?
8
Suppose o = 37*o - 1044. Suppose -16*g + o*g - 533 = 0. What is the units digit of g?
1
Let q(x) = -x**3 - 48*x**2 + 140*x + 4338. What is the units digit of q(-52)?
4
Let g(v) = v**2 + 69*v - 103. What is the units digit of g(49)?
9
Suppose 3*b + 27*l + 17 = 25*l, b + 11 = -2*l. What is the hundreds digit of ((-266)/b)/(9/54) + -2?
5
Suppose -62346 = 74*c - 251786. What is the units digit of c?
0
Let f = -97 - -123. What is the tens digit of -4*130*(-13)/f?
6
What is the ten thousands digit of (5 - 23/4) + (-3654207)/(-164)?
2
Let g(c) = 2*c**2 + 11*c + 16. Suppose 4*a = 2*a + 4. Suppose 40 = -6*y + a*y. What is the units digit of g(y)?
6
Suppose -u + s = -15281, -3*s = -u + 19331 - 4060. Suppose 30*j - u - 2234 = 0. What is the units digit of j?
4
Suppose -6*g - 646 = k - 9*g, -2*k = -g + 1282. Let a = 2192 + k. What is the hundreds digit of a?
5
Let g be 5/((-30)/6) + 2248. Suppose 25*t - g = 16478. What is the tens digit of t?
4
Suppose 1880073 = -12*r + 39*r + 167571. What is the units digit of r?
6
Let m = -10348 + 19132. What is the thousands digit of m?
8
What is the hundreds digit of ((-632)/40 - -16)/(2/14270)*30?
8
Suppose 0 = 6*i - i - 15. Let z be 244/4 + 4 - i. What is the units digit of z - ((-3 - -5) + -4)?
4
Suppose 5*u = n - 0*n + 430, 3*n = -4*u - 1385. Let d = -289 - n. What is the units digit of d?
6
Let z = 42 - -65. Let t = z + -15. Let m = 192 - t. What is the units digit of m?
0
Suppose 18711 - 107394 = -7*r. What is the tens digit of r?
6
Suppose -727 = -5*w - 3*t, 26 - 10 = 4*t. Let r = -94 + w. Suppose s + r = 2*s. What is the tens digit of s?
4
Suppose -5*l = 4*h - 21, -2*l + 16*h + 8 = 18*h. Suppose 7*u - l*u - 1880 = 5*q, u - 940 = 2*q. What is the tens digit of u?
4
Let x be ((-2)/(-3))/(2/27). Suppose -x*i + 6*i + 5*p = -513, -4*p - 344 = -2*i. What is the tens digit of i?
6
Let b(r) be the first derivative of -r**4/4 - 7*r**3/3 - r**2/2 + 11*r + 1. Suppose -3*d + 3*i - 22 = -d, 8 = -2*d - 4*i. What is the tens digit of b(d)?
8
Let t = 10 - 0. Suppose 4*r - 13*n + 14*n = 4, -2*r + 5*n - 20 = 0. Suppose r = -10*l + 9*l + t. What is the units digit of l?
0
Suppose 34*b - 42*b = -2672. Let l = b + -204. Suppose 4*u = 6*u - l. What is the units digit of u?
5
Let w(i) = 11*i - 74. Let f(x) = -23*x + 150. Let m(d) = -2*f(d) - 5*w(d). What is the tens digit of m(-19)?
4
Suppose 0 = -6*w + 7*w - 4. Suppose 0 = 41*u - 44*u + 54. Suppose -2*i + u = -w. What is the units digit of i?
1
What is the hundreds digit of ((-18)/(-36))/(5/(-16990))*-30 + -4?
9
Suppose s = 3*j - 48656, -41*s = 5*j - 37*s - 81099. What is the ten thousands digit of j?
1
Let y be ((-15)/(-6))/((-4)/(-16)). Suppose 4*c + g = 40, 4*c - c = 5*g + 7. What is the units digit of c/(45/y) + 78?
0
Suppose -179*g = 129*g - 12782308. What is the tens digit of g?
0
Let t = 94 + -80. Suppose t*k - 7*k = -2436. Let w = k + 489. What is the tens digit of w?
4
Let l be (-488)/(-6) + 2/(-6). Let c = l + 1495. What is the thousands digit of c?
1
Suppose 25 - 9 = 2*y. Let z(u) be the third derivative of u**6/120 - 2*u**5/15 + 7*u**4/24 + 4*u**3/3 - 282*u**2. What is the units digit of z(y)?
4
Let r = -2685 - -6512. What is the tens digit of r?
2
Suppose 17*p - 830 = 22*p. Let q = p + 336. Let b = q - -84. What is the tens digit of b?
5
Suppose 2*a - 8160 = 32791 - 3469. What is the hundreds digit of a?
7
Suppose 2*t - 439 - 5953 = 31060. What is the thousands digit of t?
8
Suppose -i = 25 - 136. Let y be i/(1*(-6)/28). What is the hundreds digit of (-1)/(y/258 + 2)?
1
Let j be (-1)/((2/(-172))/((-7)/(-14))). Suppose j*c + 16 = 47*c. What is the units digit of 113*(1 + (c - (3 - -1)))?
3
What is the units digit of 341/(-155) - 117161/(-5)?
0
Let b be (-2)/1 - (1 + -2 - -64). Let n = 368 + b. What is the tens digit of n?
0
What is the units digit of (-17 - 0 - -26)/(3/6810*2)?
5
Let c(t) = 69071*t**3 + 20*t**2 - 5*t + 5. What is the ten thousands digit of c(1)?
6
Suppose -4*w = -10 - 10. Suppose w*y = -6*y - 11. Let k(i) = -93*i - 3. What is the units digit of k(y)?
0
Let d = -95 + 90. What is the units digit of (d + 4)*(-611 - -10)?
1
Let u(c) = -14*c + 11. Let j(p) = -p**2 + 15*p + 7. Let t be j(16). Let o be u(t). Let v = 283 - o. What is the units digit of v?
6
Let o = 45 - 45. Let p = -49 - -51. Suppose -5*f - 2*z + 117 = o, -4*z + p = -2*z. What is the tens digit of f?
2
Let x(h) = -h**2 - 29*h - 28. Suppose -2 - 70 = -2*i. Suppose 4*n = -2*w - i, -w - 1 = 3*n + 16. What is the hundreds digit of x(w)?
1
Suppose -4*f + 76734 = -31*x + 29*x, -4*x = -5*f + 95907. What is the ten thousands digit of f?
1
Let n be (-4)/(-10) + 34548/30. Let f = -493 + n. What is the hundreds digit of f?
6
Let z = -14 - -12. Let i(k) = -22*k**3 + 3*k**2 + 6*k + 9. Let v be i(z). Let h = -42 + v. What is the units digit of h?
3
What is the tens digit of 2*2 - (11 + -8)*-1533?
0
Let t be 12/5*15/6. Let f = t - -1. Suppose f*b - 4 = 66. What is the units digit of b?
0
Suppose -58*f = -12*f - 19*f - 802926. What is the tens digit of f?
3
What is the thousands digit of (21 + -22)*(-2)/(-4) - 140930/(-4)?
5
Suppose -47*a + 126455 + 116958 = 0. What is the units digit of a?
9
Let z = -9439 - -26442. What is the hundreds digit of z?
0
Suppose -5*f = 8 + 47. Let l be (3*4)/((-2)/f). Suppose a = -0*a + l. What is the tens digit of a?
6
Let g(y) = -29*y + 16. Suppose -12*r